se 9.
-1878111
2361576 (base 10) to base 9
4388423
b2b554 (base 13) to base 15
57476b
What is -2c5a48 (base 13) in base 16?
-10c145
Convert -133220 (base 6) to base 16.
-306c
2310233 (base 4) to base 6
125315
What is 1a70a (base 15) in base 6?
1501544
3b1a8 (base 13) to base 3
12121002220
Convert 205ecc (base 15) to base 14.
2c0bc3
-3a480 (base 13) to base 11
-74516
What is 1235462 (base 7) in base 9?
264045
What is 165938 (base 11) in base 16?
3eaaa
What is 272777 (base 8) in base 12?
474a7
11010010000000010001 (base 2) to base 9
1550842
Convert -314089 (base 12) to base 8.
-2750151
Convert 502391 (base 10) to base 9.
845132
Convert -a6ac56 (base 14) to base 2.
-10101100000100111001100
-11000001001111100001 (base 2) to base 7
-6504433
-155b42 (base 13) to base 12
-214b84
b5a28 (base 14) to base 12
191784
What is 10265 (base 15) in base 11?
35499
Convert 204672 (base 11) to base 16.
50227
Convert -110203103 (base 4) to base 7.
-500264
Convert 3ff0 (base 16) to base 3.
211110020
What is 10001010111110011 (base 2) in base 14?
1bd07
What is -926d8 (base 15) in base 12?
-1a4588
What is -1235302350 (base 6) in base 5?
-12210041124
What is 12a0 (base 13) in base 8?
5151
Convert 1121002121000 (base 3) to base 6.
30103043
156d5b4 (base 15) to base 4
323101010203
What is -12322331101 (base 4) in base 5?
-431024403
What is -145706 (base 10) in base 13?
-51422
What is 1153623 (base 8) in base 13?
b1591
What is -1324400430 (base 5) in base 15?
-46472a
What is -41205022 (base 6) in base 7?
-13025054
What is 13224422 (base 5) in base 4?
200133320
12123220311 (base 4) to base 11
a51850
-147354 (base 9) to base 15
-1bd0d
What is 59741 (base 11) in base 16?
1503c
What is -40404515 (base 6) in base 3?
-2011112010002
What is -457974 (base 10) in base 5?
-104123344
What is -110000001001110011 (base 2) in base 16?
-30273
What is 2b724 (base 14) in base 9?
174646
Convert -1145411 (base 8) to base 6.
-10422133
203203202331 (base 4) to base 15
c41a0c
What is 406611 (base 8) in base 10?
134537
40124345 (base 8) to base 2
100000001010100011100101
Convert -282200 (base 10) to base 6.
-10014252
1110011000001001011010 (base 2) to base 7
44015053
What is 122422 (base 12) in base 9?
487708
Convert 1a2db9 (base 16) to base 4.
12202312321
What is 111012001010101 (base 3) in base 5?
3243223333
Convert 2416337 (base 10) to base 4.
21031323101
Convert -3ca037 (base 13) to base 2.
-101101000111111100011
14536181 (base 9) to base 13
1661047
10055713 (base 8) to base 9
3881878
1585250 (base 9) to base 4
3113211102
What is 218093 (base 15) in base 9?
3003003
163288 (base 10) to base 3
22021222201
What is 62e094 (base 16) in base 12?
2206018
Convert -b1257 (base 12) to base 7.
-1646035
Convert -5825b (base 13) to base 15.
-3299a
Convert 112330003 (base 4) to base 13.
339c4
What is 8d642 (base 14) in base 8?
1240252
1101585 (base 12) to base 16
3165f5
2103010130 (base 4) to base 7
5056154
Convert 550430 (base 6) to base 2.
1011000111010010
Convert -1056057 (base 10) to base 16.
-101d39
90b3b (base 13) to base 14
6a530
What is 5422500 (base 6) in base 13?
94a49
What is 4041021 (base 5) in base 10?
65136
What is 3000113123 (base 4) in base 6?
24515455
What is 110011110001001111 (base 2) in base 16?
33c4f
Convert 182403 (base 9) to base 14.
2d426
Convert 34c929 (base 13) to base 2.
100110010101001101011
What is 134115 (base 8) in base 2?
1011100001001101
Convert -1ab1f (base 16) to base 8.
-325437
What is -43113414 (base 5) in base 12?
-156509
What is 3522566 (base 7) in base 10?
442763
Convert c20b (base 16) to base 7.
264553
What is 1011000100100101000011 (base 2) in base 13?
7a807b
What is -16087e (base 15) in base 12?
-434418
What is d9de3 (base 15) in base 16?
a8db6
-718 (base 9) to base 11
-491
What is -1755a27 (base 14) in base 11?
-6546774
-160762 (base 8) to base 16
-e1f2
d110 (base 16) to base 6
1051440
54215 (base 14) to base 2
110001101011001011
1022021000021 (base 3) to base 12
295767
-238861 (base 9) to base 14
-3a844
What is -101100000000101111 (base 2) in base 6?
-3510331
3035666 (base 7) to base 12
15573b
What is 31022100 (base 4) in base 8?
151220
-4432430314 (base 5) to base 3
-200011112021201
Convert -50512553 (base 6) to base 4.
-11133223311
Convert -34432125 (base 6) to base 3.
-1222221122222
Convert -129151 (base 11) to base 12.
-99221
1051313 (base 6) to base 10
53469
-100201030 (base 4) to base 3
-10102210221
-31524243 (base 6) to base 12
-389683
-150240041 (base 6) to base 9
-5744427
What is 2110131221 (base 4) in base 2?
10010100011101101001
What is 2ef47 (base 16) in base 4?
232331013
Convert 2804159 (base 11) to base 16.
49ceaf
What is 3766473 (base 12) in base 4?
221111110113
Convert 7228203 (base 11) to base 2.
110000101100000001000100
What is 25677374 (base 8) in base 14?
a939b6
Convert -45353457 (base 8) to base 3.
-200110220102220
Convert 21334 (base 15) to base 3.
12100111211
Convert 186258 (base 10) to base 4.
231132102
Convert -73301 (base 16) to base 9.
-788172
Convert -1214311 (base 10) to base 15.
-18ebe1
What is -11010101001000011001 (base 2) in base 14?
-18a201
21210333212 (base 4) to base 10
2510822
What is 14340424 (base 5) in base 11?
a4730
What is 3244012224 (base 5) in base 3?
111012110220202
-740504 (base 8) to base 2
-111100000101000100
What is 1159806 (base 10) in base 14?
222954
Convert 100011111100001010 (base 2) to base 14.
3b910
What is -3144431 (base 7) in base 9?
-640505
5333231 (base 6) to base 5
31324420
What is 205530342 (base 6) in base 11?
2063382
11242840 (base 9) to base 15
72d099
Convert 3363562 (base 8) to base 14.
19a110
Convert -1591f1 (base 16) to base 8.
-5310761
Convert -209042 (base 10) to base 6.
-4251442
Convert -3179b (base 13) to base 12.
-43747
What is -609bc6 (base 14) in base 13?
-89c135
What is 11b7c1 (base 14) in base 9?
1125866
Convert 47c71c (base 16) to base 13.
c89164
503600 (base 14) to base 7
31636300
Convert 130012121130 (base 4) to base 10.
7366236
-17a05 (base 13) to base 5
-2430020
What is -1000001100010100110 (base 2) in base 12?
-10b432
-110011121011 (base 3) to base 14
-63428
Convert -352016 (base 8) to base 14.
-3194a
2322145 (base 7) to base 2
1000111000111011001
204713 (base 15) to base 12
61b783
What is -204452343 (base 6) in base 5?
-1404142012
-e2568 (base 16) to base 12
-388608
What is 2a3e8 (base 15) in base 11?
9310a
-4353400 (base 6) to base 2
-110101000010001000
d527b (base 14) to base 15
a22be
What is 37164403 (base 8) in base 11?
4691393
-2a7199 (base 11) to base 10
-478058
Convert -1545334 (base 6) to base 15.
-1c38a
303010310 (base 4) to base 16
33134
Convert 490 (base 14) to base 6.
4114
What is 2110032 (base 5) in base 7?
204043
Convert 194ca6 (base 13) to base 4.
2130010332
Convert 100012120101 (base 3) to base 16.
2c3d7
-5ca49 (base 14) to base 7
-1633622
What is -1541805 (base 10) in base 12?
-6242b9
What is 21347 (base 10) in base 4?
11031203
-15151311 (base 7) to base 13
-3b5c29
What is 93121 (base 12) in base 4?
232313221
-3b249a (base 16) to base 14
-72c76a
What is 111011111110011110 (base 2) in base 8?
737636
-123303 (base 9) to base 3
-10210100010
What is -5444a (base 14) in base 4?
-301302002
Convert 50560 (base 10) to base 3.
2120100121
-103432565 (base 7) to base 4
-113220000011
Convert -346594 (base 12) to base 4.
-3031033000
Convert 2001220101112 (base 3) to base 9.
2056345
What is -10905 (base 13) in base 10?
-30087
What is -b702 (base 12) in base 5?
-1120033
What is 3309281 (base 11) in base 5?
2441411041
-1442243 (base 5) to base 9
-46406
What is -1022212001 (base 3) in base 5?
-1314022
Convert -201123022220 (base 4) to base 6.
-511444532
What is -96062 (base 12) in base 11?
-125071
Convert 220321314 (base 5) to base 11.
598552
-50801 (base 15) to base 6
-5244114
What is 9206693 (base 10) in base 11?
5219141
Convert 32615 (base 14) to base 4.
131301023
Convert -17a36bc (base 14) to base 9.
-23883868
Convert 3549ca (base 16) to base 6.
202504014
12465130 (base 9) to base 13
1365c78
Convert -44104104 (base 5) to base 11.
-239541
What is 10ed0 (base 15) in base 9?
82026
What is 1636122 (base 8) in base 7?
4013330
What is 110000000010111101100 (base 2) in base 7?
16245013
21012232 (base 4) to base 2
1001000110101110
Convert 43a30 (base 14) to base 16.
2803a
What